+ 0 + 0*z. Give d(1).
15
Suppose 0 = 3*y - 5*y - 6. Let r(m) = 3*m + 10. Let t be r(y). Let h(s) = 5 + 6*s + t - 7. What is h(2)?
11
Let y(c) = -64*c**2 + 1 + 4*c - 5 - 56*c**2 - 56*c**2 + 174*c**2. Suppose 0*v + 3*r + 18 = 5*v, 0 = -2*v - 2*r + 4. Give y(v).
-10
Let l = 1328 + -1325. Let u(m) be the first derivative of 2 - 3/2*m**2 + 2*m. Calculate u(l).
-7
Let i(z) be the third derivative of z**5/60 + z**4/8 + 77*z**2. Determine i(-4).
4
Let f(q) = 6 - 5 + 3 - 3*q + 10. Give f(6).
-4
Let s(n) be the second derivative of -n**4/12 - 2*n**3 - 6*n**2 - 42*n. Calculate s(-11).
-1
Let n(v) be the first derivative of 26 + 3/2*v**2 + 1/3*v**3 - 2*v. Determine n(-3).
-2
Let k(a) = -3 - 2*a + 1 - 1 + 0*a - 11. What is k(-6)?
-2
Let y(z) = 6*z + 2. Suppose 0 = -51*f + 46*f - 30. Determine y(f).
-34
Suppose 0 = 3*g - 3*i - 21, -2*g = 2*i + 5 + 1. Suppose 3*o - 6 = 3*q, -g*q - 19 = o - 3. Let c(t) = t**3 + 6*t**2 + t - 1. Determine c(q).
-7
Let b(x) = -3*x - 9. Let n(r) = 4*r + 10. Let k(m) = -3*b(m) - 2*n(m). Let f(l) = l + 8. Let u(a) = -5*f(a) + 6*k(a). Calculate u(4).
6
Let b = 282 + -277. Let a(y) = -y**3 + 4*y**2 + 6*y + 6. Calculate a(b).
11
Suppose -27 = -c + 5*v, -13*v + 18*v + 21 = -2*c. Let x(d) be the second derivative of d**3 + 0 - 6*d + 2*d**c + 1/12*d**4. What is x(-6)?
4
Let n(l) be the second derivative of -1/3*l**3 + 0 + 6*l + 5/2*l**2. Calculate n(5).
-5
Let x(o) = -o**2 - 2*o - 2. Let d = -2 - 0. Let i(w) = 2*w**2 + 5*w + 5. Let q(y) = d*i(y) - 5*x(y). Calculate q(-3).
9
Suppose 69*v - 264 = 36*v. Let x(f) = -f**3 + 8*f**2 - 5. Give x(v).
-5
Let u(z) = 4*z**3 - 2*z**2 + z + 2. Let x(r) = 4*r - 174. Let a be x(44). Calculate u(a).
28
Let h(a) = a**2 + 4*a + 2. Let m(o) be the first derivative of 5 + 0*o - 1/2*o**2. Let u(q) = h(q) - 3*m(q). Calculate u(-3).
-10
Let b(r) = -5*r + 3. Let j(w) = 14*w - 10. Let y(q) = -7*b(q) - 2*j(q). Suppose 0 = 5*x - 17 - 23. Let o = x - 9. Calculate y(o).
-8
Let x = 10 + -7. Let c(z) = -z**3 + 4*z**2 - 4*z + 5. Let u be c(x). Let m = u + -6. Let t(b) = -b**3 - 3*b**2 + b. Calculate t(m).
12
Let r(d) be the third derivative of -d**6/120 - d**5/20 + 5*d**4/24 - 35*d**2. Let b be (2 + 4)/((-12)/8). Determine r(b).
-4
Let c(k) = -4*k**3 - 8*k**2 - 13. Let v(t) = -3*t**3 - t**2 + t + 1. Let i(a) = c(a) - v(a). Determine i(-7).
-7
Let a(y) = -2*y - 15. Suppose -4*m - 26 = -3*p, 0*p - 4*p = -3*m - 16. Calculate a(m).
1
Let x(g) = -g**3 + 9*g**2 - 9*g + 12. Let y be x(8). Let o(j) = 2*j + 3*j - y*j - 3 + 0*j. Suppose -v = -6*v. Determine o(v).
-3
Let w(d) = -4*d. Let j(g) = -g**2 - 15*g - 8. Let o(u) = j(u) - 6*w(u). Suppose 0 = -0*c - c + 7. What is o(c)?
6
Let k(t) = 3*t**3 - 9*t**2 - 3*t - 12. Let c(z) = -2*z**3 + 8*z**2 + 4*z + 10. Let p(g) = -4*c(g) - 3*k(g). What is p(-4)?
8
Let k(q) = -8*q**3 - 5*q**2 - 28*q - 5. Let b(g) = 7*g**3 + 4*g**2 + 24*g + 5. Let t(w) = -7*b(w) - 6*k(w). Give t(0).
-5
Let t(v) be the first derivative of -v**5/20 + v**4/2 + v**3/3 - 7*v**2/2 + 9*v - 10. Let o(p) be the first derivative of t(p). Determine o(6).
5
Let j(z) = -z**2 + 6*z - 7. Let w(k) = -2*k**3 - k**2 + 2. Let y be w(0). Let x be ((-15)/(-6) + y)*2. Let h = 15 - x. Give j(h).
-7
Let h(w) = -2*w**2 - w - 8. Let n(j) = -3*j**2 - 8. Let r(z) = 4*h(z) - 3*n(z). Let s = -20 - -25. Suppose -s*m = -10*m + 35. Calculate r(m).
13
Suppose -p = -5*p + 1052. Let s(g) = p - 263 - 5*g**2. What is s(-1)?
-5
Let j be (1/3)/(((-96)/12)/(-192)). Let a(c) = 7*c**2 - 19*c - 27. Let t(q) = 3*q**2 - 9*q - 13. Let n(l) = -2*a(l) + 5*t(l). What is n(j)?
-3
Suppose 0 = -19*z + 7*z - 108. Let x(v) = -v**2 - 8*v + 5. Calculate x(z).
-4
Let h(o) = -o**3 + 2*o - 1. Let m be h(-3). Suppose -3*t = 2*t + m. Let b(a) be the first derivative of -a**4/4 - 4*a**3/3 + 2*a**2 + 4*a + 50. Determine b(t).
-12
Suppose -3*o = u - 10 - 7, 0 = 4*o - 20. Let c(x) = -u*x + 5*x + 3 + 6 - 2*x. Determine c(-7).
2
Let n(k) be the second derivative of 7/12*k**4 - 1/20*k**5 - 3/2*k**2 - 5/6*k**3 - 27*k + 0. What is n(6)?
3
Let y be 35/14 - (-4)/(-8). Let m(n) = -3*n**2 - n. Determine m(y).
-14
Let z(w) = -w**3 - 5*w**2 - w - 4. Let t be (15 - -67)*-1*1/2. Let b = -46 - t. What is z(b)?
1
Let b(z) = -3*z**2 + 3. Let u(v) = v**2 + 1. Suppose 9*i - 41 = -32. Let h(n) = i*b(n) + 2*u(n). What is h(-6)?
-31
Let t(a) be the third derivative of a**7/2520 - a**6/360 - a**5/120 - a**4/24 - 6*a**2. Let j(v) be the second derivative of t(v). Determine j(-2).
7
Let f(z) = 8*z - 22*z + 409 - 404. What is f(-4)?
61
Let t(q) = -2*q + 11. Let v(g) = 4*g - 6. Suppose -5*a = 10 + 5. Let j(z) = z. Let o(u) = a*j(u) + v(u). Let h(c) = -5*o(c) - 3*t(c). What is h(5)?
2
Let y(f) = -f**3 - 3*f**2 + 3*f + 6. Suppose -v = -2*v - 19. Let n = v + 15. What is y(n)?
10
Let a be ((-4)/12)/(2/42). Let r(l) = 5*l**2 - 9*l + 16. Let i(c) = 6*c**2 - 9*c + 20. Let q(o) = 6*i(o) - 7*r(o). Give q(a).
-6
Let b(m) be the first derivative of 7*m**4/24 - m**3/6 - m**2 - 1. Let x(f) be the second derivative of b(f). Let q be 8 + -27*7/21. Calculate x(q).
-8
Let w = -1 - -1. Let s(c) be the second derivative of -c**7/2520 + c**6/720 + 13*c**4/12 - 11*c. Let v(y) be the third derivative of s(y). Give v(w).
0
Let q = 53 - 39. Let z = q + -9. Let v(r) = -r**3 + 4*r**2 + 6*r - 5. Give v(z).
0
Let h = 72 + -86. Let q(d) = -d**2 - 14*d - 17. Calculate q(h).
-17
Let u(d) = d - 9. Let v be (-7)/7 - 8/(-1). Let p(h) = h - 16. Let q(c) = v*u(c) - 4*p(c). What is q(-6)?
-17
Let t(g) be the third derivative of -3*g**6/20 - g**5/60 + 2*g**2 - 49*g. Determine t(-1).
17
Suppose -7*d = -94 + 59. Let b(j) = -6 + 0 + 2*j - j. Determine b(d).
-1
Suppose 7 = -z - z + 5*j, 0 = -z - j. Let y(b) = 4*b - 13*b + b - 1 + 5*b. What is y(z)?
2
Let r(h) = 27*h**2 + 5*h - 2. Suppose 0 = -4*i - 3*d + d + 16, i - 7 = -2*d. Let g(l) = -13*l**2 - 2*l + 1. Let c(b) = i*r(b) + 7*g(b). Give c(-1).
-10
Let v(g) be the second derivative of g**8/6720 - g**7/280 + g**6/360 - g**5/15 - 25*g**4/12 + 4*g. Let l(m) be the third derivative of v(m). Give l(9).
10
Let j(l) = -23 + 37 - 27 + 8*l - l**2. Let n(c) be the third derivative of -c**5/60 + c**4/3 - 2*c**3 - 2*c**2. Let m(k) = -5*j(k) + 6*n(k). What is m(6)?
5
Suppose 5*z + 16 - 46 = 0. Let f(n) = -4 - 11*n + 0 + n**2 + z*n. Let d be f(5). Let v(b) = b**2 + 4*b - 1. Determine v(d).
-1
Let b(h) = -2*h**2 - 2*h + 2. Let l(n) = 8*n - 9. Let o(t) = 5*b(t) + l(t). Give o(1).
-11
Let x(h) = 2*h + 1. Let b(p) = p**2 - p - 2. Let y(n) = -b(n) - x(n). Suppose 3*k + 3 = k - z, -2*k - 2*z = 2. Calculate y(k).
-1
Let g(k) = -2*k**3 - 29*k**2 + 19*k + 68. Let b be g(-15). Let w(h) be the first derivative of -h**4/4 + 7*h**3/3 + 4*h**2 + 6*h + 3. What is w(b)?
6
Let i(h) = -h + 1. Let o be i(-5). Let l(y) = 9 - 258*y - 263*y + 519*y. Give l(o).
-3
Let q be (-1 - 1)/(6/(-93)). Suppose 5*z = -q + 6. Let d(u) = -u**2 - 6*u - 6. What is d(z)?
-1
Suppose -3*j = -0 - 6. Let w be ((-1)/2)/((-9)/36). Let l(a) = -2*a - w*a + 5*a. Determine l(j).
2
Let k = 24 - 54. Let n = k + 29. Let z(w) = 5*w**2 - 1. Calculate z(n).
4
Let c(s) = -39*s + 100*s - 1 - 26*s - 30*s. Let i = 2 + -5. What is c(i)?
-16
Let m(g) be the third derivative of g**5/60 - 7*g**4/24 - 5*g**3/3 + 109*g**2. Calculate m(9).
8
Let k be ((-62)/(-124))/((-2)/(-4)). Let t(z) = 3*z**3 + 2*z - 1. Determine t(k).
4
Suppose 2*h - l + 2*l = 6, 5*h - 8 = l. Let c(k) be the first derivative of 1/4*k**4 + 4 - 5/3*k**3 - k + k**2. Give c(h).
-9
Let k(v) = v**2 - 6*v + 1. Let u be k(5). Let s(q) = -4*q + 12. Let p(t) = -7*t + 19. Let w(d) = -6*p(d) + 10*s(d). Give w(u).
-2
Let x(b) be the third derivative of b**5/60 - b**4/4 - b**3/3 - 17*b**2. Let w = -3 + 2. Let o be ((-10)/8)/(w/4). Determine x(o).
-7
Let a(f) = -7*f**3 + 7*f**2 + f + 7. Let r = 12 - 18. Let s(g) = 6*g**3 - 7*g**2 - 2*g - 7. Let y(u) = r*s(u) - 5*a(u). Let b = -30 + 38. Determine y(b).
-1
Let a = -4 + 3. Let f be (-5 - -4)/(a/3). Let d(h) = 7*h**3 + h**2 + 7*h - 9. Let y(x) = 4*x**3 + x**2 + 4*x - 5. Let v(l) = 3*d(l) - 5*y(l). Determine v(f).
10
Suppose i + 8 = 2*i. Suppose 5*m - i = 2. Let b(h) = 4*h**2 - 4*h + 4. Let z(d) = -5*d**2 + 5*d - 5. Let f(a) = 6*b(a) + 5*z(a). Determine f(m).
-3
Let y(t) be the first derivative of 7*t**2/2 + 39*t + 6. Let l be y(-5). Let v(u) = u**2 + u**2 + 3*u - 